lse
Is 141793 a prime number?
True
Is 373049 a composite number?
False
Is 29779 a composite number?
True
Is 85367 composite?
True
Is 101107 a prime number?
True
Is 56915 a composite number?
True
Is 962821 a prime number?
False
Is 16729 prime?
True
Is 443599 prime?
False
Is 160333 a prime number?
False
Is 12695 composite?
True
Is 127039 prime?
False
Is 372397 composite?
False
Is 5933 a prime number?
False
Is 571261 composite?
False
Is 2761 a prime number?
False
Is 709957 a prime number?
True
Is 593867 prime?
False
Is 167971 a composite number?
False
Is 603091 composite?
False
Is 181523 prime?
True
Is 498398 a prime number?
False
Is 68977 a composite number?
True
Is 349483 prime?
True
Is 7229 a prime number?
True
Is 53309 a composite number?
False
Is 85597 a composite number?
False
Is 94099 composite?
False
Is 396833 a composite number?
False
Is 11311 composite?
False
Is 86921 composite?
True
Is 6119 a composite number?
True
Is 63577 a composite number?
False
Is 41381 prime?
True
Is 87409 a prime number?
False
Is 7967 a prime number?
False
Is 10705 prime?
False
Is 1199 composite?
True
Is 118735 a composite number?
True
Is 364103 composite?
False
Is 8779 composite?
False
Is 30737 a composite number?
True
Is 633497 prime?
True
Is 5501 a composite number?
False
Is 3683 a prime number?
False
Is 33377 prime?
True
Is 604621 composite?
True
Is 54079 composite?
True
Is 40547 a prime number?
False
Is 6599 a prime number?
True
Is 787 a prime number?
True
Is 42787 a composite number?
False
Is 4060933 a composite number?
False
Is 4874 a prime number?
False
Is 11089 a prime number?
False
Is 439201 a composite number?
True
Is 824023 prime?
False
Is 79747 a prime number?
False
Is 422333 a composite number?
True
Is 407389 a composite number?
True
Is 77317 a prime number?
True
Is 58889 a prime number?
True
Is 6449 a prime number?
True
Is 2767 a prime number?
True
Is 20885 a prime number?
False
Is 213881 a prime number?
True
Is 117511 prime?
True
Is 28807 prime?
True
Is 1452991 a prime number?
True
Is 123791 composite?
False
Is 68293 a composite number?
True
Is 1383 a prime number?
False
Is 46897 a composite number?
True
Is 1628501 composite?
True
Is 7817 a prime number?
True
Is 85915 a prime number?
False
Is 376699 composite?
False
Is 155017 prime?
True
Is 247201 a prime number?
True
Is 21767 a composite number?
False
Is 1211 prime?
False
Is 3503 a composite number?
True
Is 51157 prime?
True
Is 68221 composite?
True
Is 19577 prime?
True
Is 52909 composite?
True
Is 3628709 a prime number?
False
Is 17551 prime?
True
Is 839 a prime number?
True
Is 50647 a prime number?
True
Is 29527 a prime number?
True
Is 366193 a prime number?
True
Is 842443 a composite number?
True
Is 216949 a composite number?
True
Is 3317 composite?
True
Is 285749 prime?
True
Is 16447 a prime number?
True
Is 927137 a composite number?
False
Is 2052803 a composite number?
False
Is 592257 composite?
True
Is 3343 a composite number?
False
Is 40063 a composite number?
False
Is 564623 composite?
True
Is 36229 composite?
False
Is 17369 prime?
False
Is 5981 a composite number?
False
Is 16841 prime?
False
Is 25031 prime?
True
Is 496123 prime?
True
Is 65749 a prime number?
False
Is 174355 a prime number?
False
Is 648719 a prime number?
True
Is 9527 a composite number?
True
Is 59051 a prime number?
True
Is 339559 composite?
True
Is 1319651 composite?
False
Is 15153 prime?
False
Is 48083 composite?
True
Is 3531941 a composite number?
True
Is 191 prime?
True
Is 1086551 a prime number?
False
Is 45283 a prime number?
False
Is 63997 a prime number?
True
Is 789155 composite?
True
Is 57821 a prime number?
False
Is 2243027 a composite number?
False
Is 7243 prime?
True
Is 45377 a prime number?
True
Is 1227769 composite?
False
Is 200219 prime?
False
Is 4691 prime?
True
Is 312593 a composite number?
True
Is 5519 prime?
True
Is 2203 composite?
False
Is 47877 a composite number?
True
Is 929633 a prime number?
False
Is 3389 a composite number?
False
Is 10123 composite?
True
Is 6337 a prime number?
True
Is 1140281 composite?
False
Is 15061 composite?
False
Is 17519 a composite number?
False
Is 304471 prime?
False
Is 256639 composite?
False
Is 3277 a prime number?
False
Is 703 a composite number?
True
Is 938659 composite?
False
Is 950803 composite?
True
Is 85411 prime?
True
Is 11519 a composite number?
False
Is 2741 prime?
True
Is 53043 a composite number?
True
Is 2747 a prime number?
False
Is 391 composite?
True
Is 280001 prime?
True
Is 286813 a prime number?
True
Is 647 composite?
False
Is 1567 composite?
False
Is 58759 composite?
True
Is 15769 composite?
True
Is 51893 composite?
False
Is 522457 prime?
False
Is 16449 prime?
False
Is 200247 composite?
True
Is 29285 composite?
True
Is 3719 a prime number?
True
Is 563 a composite number?
False
Is 3593 composite?
False
Is 662 composite?
True
Is 1159467 prime?
False
Is 6169 a prime number?
False
Is 172243 composite?
False
Is 6469 composite?
False
Is 477439 composite?
False
Is 25283 composite?
True
Is 517163 composite?
True
Is 7454 a composite number?
True
Is 39665 a composite number?
True
Is 28477 composite?
False
Is 487133 composite?
False
Is 1831 a prime number?
True
Is 213007 prime?
False
Is 78691 a prime number?
True
Is 1088233 composite?
False
Is 43919 composite?
True
Is 10639 a composite number?
False
Is 28907 a composite number?
True
Is 23801 prime?
True
Is 80299 a composite number?
True
Is 20219 a composite number?
False
Is 54547 prime?
True
Is 10499 a prime number?
True
Is 8263 prime?
True
Is 338071 composite?
True
Is 19835 a prime number?
False
Is 1399 prime?
True
Is 27539 a composite number?
False
Is 876607 a composite number?
False
Is 1381593 a composite number?
True
Is 3694547 a composite number?
False
Is 23857 composite?
False
Is 16129 a composite number?
True
Is 13789 prime?
True
Is 11519 composite?
False
Is 10007 composite?
False
Is 24331 a prime number?
False
Is 430691 prime?
True
Is 56611 composite?
False
Is 171611 prime?
False
Is 9157 composite?
False
Is 29629 a composite number?
False
Is 106629 prime?
False
Is 8407 a prime number?
False
Is 38633 composite?
True
Is 16597 a composite number?
True
Is 4327 a composite number?
False
Is 159113 composite?
False
Is 19661 prime?
True
Is 7939 prime?
False
Is 511985 a prime number?
False
Is 13822 a composite number?
True
Is 184949 composite?
False
Is 1560847 composite?
False
Is 1275062 composite?
True
Is 348239 prime?
True
Is 290821 composite?
False
Is 104207 a composite number?
False
Is 329701 prime?
False
Is 5623 composite?
False
Is 530897 a composite number?
False
Is 21117 a composite number?
True
Is 43013 a composite number?
False
Is 28009 a prime number?
False
Is 35729 a prime number?
True
Is 7753 prime?
True
Is 702551 a prime number?
True
Is 26141 composite?
False
Is 27767 a prime number?
True
Is 4009477 composite?
False
Is 5059 prime?
True
Is 5899 composite?
True
Is 28498 a prime number?
False
Is 9587 prime?
True
Is 176951 composite?
False
Is 21943 a prime number?
True
Is 22433 a prime number?
True
Is 1464541 a composite number?
True
Is 348097 a prime number?
True
Is 499493 a prime number?
True
Is 56065 composite?
True
Is 34735 composite?
True
Is 12605 composite?
True
Is 22081 a composite number?
True
Is 613 a composite number?
False
Is 1300639 prime?
True
Is 36118 a composite number?
True
Is 4981 a composite number?
True
Is 2459 composite?
False
Is 553 prime?
False
Is 88159 prime?
False
Is 69557 prime?
True
Is 32845 a prime number?
False
Is 7899 a composite number?
True
Is 2759 a prime number?
False
Is 8921 composite?
True
Is 10239 a prime number?
False
Is 17707 a composite number?
False
Is 42989 a prime number?
True
Is 424031 prime?
False
Is 391613 prime?
True
Is 2458519 a prime number?
False
Is 150107 a prime number?
True
Is 6671 prime?
False
Is 48817 composite?
False
Is 109273 a composite number?
True
Is 733 composite?
False
Is 232373 a prime number?
False
Is 50833 composite?
False
Is 17503 composite?
True
Is 890335 a prime number?
False
Is 27883 a prime number?
True
Is 52707 a prime number?
False
Is 1361 a prime number?
True
Is 196465 a composite number?
True
Is 709271 prime?
True
Is 9059 a prime number?
True
Is 309227 a composite number?
True
Is 9391 composite?
False
Is 17707 a prime number?
Tru